{"id":692,"date":"2022-10-28T06:43:42","date_gmt":"2022-10-28T06:43:42","guid":{"rendered":"https:\/\/wordpress.ffw-adorf.de\/?page_id=692"},"modified":"2022-11-01T16:03:45","modified_gmt":"2022-11-01T14:03:45","slug":"jugend","status":"publish","type":"page","link":"https:\/\/ffw-adorf.de\/?page_id=692","title":{"rendered":"Jugendfeuerwehr"},"content":{"rendered":"\n<p><strong>Die Jugendfeuerwehr freut sich \u00fcber Verst\u00e4rkung &#8211; schaut doch einfach mal vorbei!<\/strong><\/p>\n\n\n\n<p>Freitags, 17.30 Uhr am Ger\u00e4tehaus (14-t\u00e4gig, gerade Woche)<\/p>\n\n\n\n<ul class=\"wp-block-list\"><li>Jugendfeuerwehrwart: Holger Weigert (Tel. 0171\/4035022)<\/li><li>stellv. Jugendfeuerwehrwart: Christian Damme (Tel. 0170\/6538867)<\/li><\/ul>\n\n\n\n<figure class=\"wp-block-image\"><img decoding=\"async\" src=\"images\/Bilder_fest\/2017_10_27_abschlussuebung_jfw_11.jpg\" alt=\"\"\/><\/figure>\n\n\n<ul class=\"wp-block-latest-posts__list has-dates alignwide wp-block-latest-posts\"><li><a class=\"wp-block-latest-posts__post-title\" href=\"https:\/\/ffw-adorf.de\/?p=2053\">Jugendfeuerwehr Adorf beim Leistungsmarsch in Eichigt erfolgreich<\/a><time datetime=\"2025-06-15T10:25:32+01:00\" class=\"wp-block-latest-posts__post-date\">15.06.2025<\/time><div class=\"wp-block-latest-posts__post-excerpt\">Am 14. Juni 2025 nahm die Jugendfeuerwehr Adorf mit insgesamt vier Mannschaften am Leistungsmarsch in Eichigt teil. In zwei Altersklassen traten unsere jungen Kameradinnen und Kameraden gegen starke Konkurrenz aus der Region an. In der Altersklasse 1 (bis 13 Jahre) erreichten die beiden Adorfer Teams einen 6. und einen 5. Platz. In der Altersklasse 2 konnte sich eine Mannschaft den 5. Platz, die andere sogar den 3. Platz sichern \u2013 eine tolle Leistung, die den Ehrgeiz und das K\u00f6nnen unserer Jugendfeuerwehr unter Beweis stellt! Der Leistungsmarsch umfasste 10 abwechslungsreiche Stationen, bei denen sowohl feuerwehrtechnisches Wissen als auch Teamarbeit und Geschicklichkeit\u2026\u00a0<a class=\"wp-block-latest-posts__read-more\" href=\"https:\/\/ffw-adorf.de\/?p=2053\" rel=\"noopener noreferrer\"><span class=\"screen-reader-text\">Jugendfeuerwehr Adorf beim Leistungsmarsch in Eichigt erfolgreich <\/span>weiterlesen<\/a><\/div><\/li>\n<li><a class=\"wp-block-latest-posts__post-title\" href=\"https:\/\/ffw-adorf.de\/?p=1893\">Spannendes Zeltlager im Steinbruch Weidigt<\/a><time datetime=\"2024-07-08T14:59:33+01:00\" class=\"wp-block-latest-posts__post-date\">08.07.2024<\/time><div class=\"wp-block-latest-posts__post-excerpt\">Vom Mittwoch, den 3. Juli 2024, bis Sonntag, den 7. Juli 2024, fand wieder ein Zeltlager der Jugendfeuerwehr Adorf im Steinbruch Weidigt statt. Trotz des durchwachsenen Wetters erlebten die Jugendlichen ereignisreiche Tage, die durch intensive \u00dcbungen und kameradschaftliche Aktivit\u00e4ten gepr\u00e4gt waren. Donnerstag: Ger\u00e4tekunde und Gemeinschafts\u00fcbung Der Donnerstag begann mit Ger\u00e4tekunde am R\u00fcstwagen. Die Jugendlichen lernten die verschiedenen Werkzeuge und Ger\u00e4te kennen, die im Einsatzfall unverzichtbar sind. Am Nachmittag \u00fcbten die Jungkameraden den Aufbau eines provisorischen Auffangbeckens mit Hilfe einer Plane und Steckleiterteilen. Abends fand eine spannende gemeinsame \u00dcbung mit den Kameraden der Ortswehren Freiberg und Leubetha statt. Diese Zusammenarbeit f\u00f6rderte\u2026\u00a0<a class=\"wp-block-latest-posts__read-more\" href=\"https:\/\/ffw-adorf.de\/?p=1893\" rel=\"noopener noreferrer\"><span class=\"screen-reader-text\">Spannendes Zeltlager im Steinbruch Weidigt <\/span>weiterlesen<\/a><\/div><\/li>\n<li><a class=\"wp-block-latest-posts__post-title\" href=\"https:\/\/ffw-adorf.de\/?p=1825\">Adorfer Jugend \u00fcberzeugt bei Leistungsmarsch<\/a><time datetime=\"2023-09-23T20:00:00+01:00\" class=\"wp-block-latest-posts__post-date\">23.09.2023<\/time><div class=\"wp-block-latest-posts__post-excerpt\">Am Samstag (23.09.) fand in Taltitz der diesj\u00e4hrige Leistungsmarsch der Jugendfeuerwehren im Regionalbereich Oelsnitz statt. Daran nahmen zwanzig Manschaften aus neun Feuerwehren teil, davon acht Manschaften in der Altersklasse 1 bis 13 Jahre und 12 Manschaften in Altersklasse 2 bis zum vollendeten 18 Lebensjahr. An neun Stationen entlang einer ca. f\u00fcnf Kilometer langen Strecke galt es, die in den Jugendfeuerwehren erworbenen Kenntnisse und F\u00e4higkeiten unter Beweis zu stellen. Zu den Aufgaben der Jungkamerad*innen z\u00e4hlten dabei das Kuppeln von Druckschl\u00e4uchen oder das zielsichere Auswerfen eines Leinenbeutels und das Einbinden und Hochziehen eines Strahlrohres. Ebenso stand die erste Hilfe im Fokus der\u2026\u00a0<a class=\"wp-block-latest-posts__read-more\" href=\"https:\/\/ffw-adorf.de\/?p=1825\" rel=\"noopener noreferrer\"><span class=\"screen-reader-text\">Adorfer Jugend \u00fcberzeugt bei Leistungsmarsch <\/span>weiterlesen<\/a><\/div><\/li>\n<li><a class=\"wp-block-latest-posts__post-title\" href=\"https:\/\/ffw-adorf.de\/?p=1722\">Jugendfeuerwehr pflegt Hydranten<\/a><time datetime=\"2023-05-29T10:44:11+01:00\" class=\"wp-block-latest-posts__post-date\">29.05.2023<\/time><div class=\"wp-block-latest-posts__post-excerpt\">Zum Brandschutz im Ort geh\u00f6rt es selbstverst\u00e4ndlich, dass stets genug L\u00f6schwasser zur Verf\u00fcgung steht. Um dies sicherzustellen, \u00fcberpr\u00fcften und pflegten die Jungen und M\u00e4dchen der Adorfer Jugendfeuerwehr am 26. und 27. Mai zahlreiche Hydranten im Stadtgebiet und kamen dabei zu einem durchwachsenen Lagebild. W\u00e4hrend im Stadtkern bei einer ordentlichen Dichte an Ober- und Unterflurhydranten meist keine oder nur geringe M\u00e4ngel festgestellt wurden, waren die mitunter recht wenigen Hydranten in einigen Randgebieten der Stadt zum Teil in schlechtem Zustand. Einige Hydranten konnten bereits durch die Jugend der Adorfer Wehr wieder nutzbar gemacht werden, was im Einsatzfall wertvolle Zeit einzusparen hilft. Manche\u2026\u00a0<a class=\"wp-block-latest-posts__read-more\" href=\"https:\/\/ffw-adorf.de\/?p=1722\" rel=\"noopener noreferrer\"><span class=\"screen-reader-text\">Jugendfeuerwehr pflegt Hydranten <\/span>weiterlesen<\/a><\/div><\/li>\n<li><a class=\"wp-block-latest-posts__post-title\" href=\"https:\/\/ffw-adorf.de\/?p=1256\">Wie die Profis &#8230;<\/a><time datetime=\"2022-10-23T15:28:00+01:00\" class=\"wp-block-latest-posts__post-date\">23.10.2022<\/time><div class=\"wp-block-latest-posts__post-excerpt\">&#8230; der Berufsfeuerwehr wollten die Kameradinnen und Kameraden eine 24-Stunden-Schicht auf Wache und mit reichlich Eins\u00e4tzen erleben. Also hat sich die Jugendleitung Gedanken gemacht und einen BF-Tag organisiert. Am Freitag (21.10.22) war es soweit. Die Kinder r\u00fcckten ab 16 Uhr in das Ger\u00e4tehaus ein. Ihre erste Aufgabe bestand darin, die Schlafpl\u00e4tze herzurichten bevor gegen 17 Uhr die Aufteilung auf die einzelnen Fahrzeuge erfolgt. Wie bei den Profis hatte nun jede(r) einen festen Platz auf ELW, HLF, MLF, Drehleiter, R\u00fcstwagen oder dem TSF aus Gettengr\u00fcn, das zus\u00e4tzlich zur Verf\u00fcgung stand. Auch der Rettungsdienst war dabei, so wurde durch die Adorfer Rettungswache\u2026\u00a0<a class=\"wp-block-latest-posts__read-more\" href=\"https:\/\/ffw-adorf.de\/?p=1256\" rel=\"noopener noreferrer\"><span class=\"screen-reader-text\">Wie die Profis &#8230; <\/span>weiterlesen<\/a><\/div><\/li>\n<li><a class=\"wp-block-latest-posts__post-title\" href=\"https:\/\/ffw-adorf.de\/?p=1275\">Zeltlager der Jugendfeuerwehr Adorf 2022<\/a><time datetime=\"2022-08-09T16:05:00+01:00\" class=\"wp-block-latest-posts__post-date\">09.08.2022<\/time><div class=\"wp-block-latest-posts__post-excerpt\">Die Angeh\u00f6rigen der Jugendfeuerwehr Adorf veranstalteten wieder ihr traditionelles Zeltlager im Steinbruch Weidigt. Vom 3. bis 7. August trafen sich 15 Kinder und Jugendliche, sowie 6 Betreuer zu ein paar erlebnisreichen Tagen. Im Vorfeld hatten einige flei\u00dfige Helfer schon die Schlafzelte und das Versorgungszelt aufgebaut, sodass die Zelte sofort bezogen werden konnten. Der Nachmittag stand dann im Zeichen von Sport, Spiel und Spa\u00df. Zur offiziellen Er\u00f6ffnung konnten der B\u00fcrgermeister der Stadt Adorf, Herr Rico Schmidt, der Gemeindewehrleiter, Kamerad Steffen Neudel, sowie der Ortswehrleiter von Adorf, Kamerad Mark Tr\u00e4ger, begr\u00fc\u00dft werden. F\u00fcr die kommenden Tage war ein buntes Programm erstellt worden.\u2026\u00a0<a class=\"wp-block-latest-posts__read-more\" href=\"https:\/\/ffw-adorf.de\/?p=1275\" rel=\"noopener noreferrer\"><span class=\"screen-reader-text\">Zeltlager der Jugendfeuerwehr Adorf 2022 <\/span>weiterlesen<\/a><\/div><\/li>\n<li><a class=\"wp-block-latest-posts__post-title\" href=\"https:\/\/ffw-adorf.de\/?p=526\">Abschluss\u00fcbung 2020<\/a><time datetime=\"2020-11-10T15:44:45+01:00\" class=\"wp-block-latest-posts__post-date\">10.11.2020<\/time><div class=\"wp-block-latest-posts__post-excerpt\">Um 17:43 uhr wurde die Jugendfeuerwehr Adorf\/Vogtl zu einem Gro\u00dfbrand nach Arnsgr\u00fcn alarmiert, umgehend besetzten die Jungkameraden die L\u00f6schfahrzeuge und fuhren zu der gemeldeten Adresse. Nach der ersten Lageerkundung bestimmte der Einsatzleiter den Aufstellbereich der Rettungsfahrzeuge und umgehend wurde eine L\u00f6schwasserversorgung durch das TSF aufgebaut.<\/div><\/li>\n<li><a class=\"wp-block-latest-posts__post-title\" href=\"https:\/\/ffw-adorf.de\/?p=174\">01.09.2018 Nach\u00adwuchs marschiert auf Rang 2<\/a><time datetime=\"2018-09-01T12:22:49+01:00\" class=\"wp-block-latest-posts__post-date\">01.09.2018<\/time><div class=\"wp-block-latest-posts__post-excerpt\">Alle zwei Jahre findet auf regionaler Ebene der Leistungsmarsch der Jugendfeuerwehren statt. In diesem Jahr traf sich der Feuerwehrnachwuchs in Tirpersdorf zu diesem freundschaftlichen Kr\u00e4ftemessen. Unsere Jugendwehr stellte hierbei zwei Mannschaften in der Altersklasse von 13 bis 18 Jahren. Auf einer Strecke von ca. 7 km galt es, verschiedene Herausforderungen wie &#8222;Erste Hilfe&#8220;, &#8222;Standrohr setzen&#8220; oder &#8222;Saugschl\u00e4uche kuppeln&#8220; zu meistern. Auch ein Wissenstest geh\u00f6rte zu den Anforderungen an unsere jungen Kameraden.<\/div><\/li>\n<li><a class=\"wp-block-latest-posts__post-title\" href=\"https:\/\/ffw-adorf.de\/?p=40\">Abschluss\u00fcbung 2017<\/a><time datetime=\"2017-10-27T00:00:00+01:00\" class=\"wp-block-latest-posts__post-date\">27.10.2017<\/time><div class=\"wp-block-latest-posts__post-excerpt\">Am Freitag, den 27.10.2017 ert\u00f6nte pl\u00f6tzlich die Sirene w\u00e4hrend eines Schulungsdienstes der Jugendfeuerwehr Adorf. Mit dem Stichwort &#8222;Brand gro\u00df&#8220; vermutlich vermisste Personen, ging es mit dem ELW, dem HLF 20\/16, dem TLK 23\/12 und dem TSF der Ortswehr Leubetha zur &#8222;Naue Fasertechnik&#8220; in Adorf. Am Einsatzort best\u00e4tigte sich die Meldung. Zwei Trupps r\u00fcsteten sich mit schweren Atemschutzger\u00e4ten aus und gingen zur Menschenrettung ins Geb\u00e4ude vor. W\u00e4hrenddessen baute die Besatzung des TSF von Leubetha eine Wasserversorgung aus der naheliegenden &#8222;Wei\u00dfen Elster&#8220; auf.<\/div><\/li>\n<li><a class=\"wp-block-latest-posts__post-title\" href=\"https:\/\/ffw-adorf.de\/?p=39\">25 Jahre Jugendfeuerwehr Adorf\/Erzgebirge<\/a><time datetime=\"2017-06-11T00:00:00+01:00\" class=\"wp-block-latest-posts__post-date\">11.06.2017<\/time><div class=\"wp-block-latest-posts__post-excerpt\">Vom 10. bis 11.06.2017 wurden wir zum 25j\u00e4hrigen Jubil\u00e4um der Jugendfeuerwehr Adorf\/Erz. eingeladen. Mit 12 Jugendlichen und 3 Jugendwarten traten wir am 10.06. die Reise an. Am Ziel begr\u00fc\u00dften uns die Kameraden der Feuerwehr Adorf\/Erz. recht herzlich.<\/div><\/li>\n<\/ul>","protected":false},"excerpt":{"rendered":"<p>Die Jugendfeuerwehr freut sich \u00fcber Verst\u00e4rkung &#8211; schaut doch einfach mal vorbei! Freitags, 17.30 Uhr am Ger\u00e4tehaus (14-t\u00e4gig, gerade Woche) Jugendfeuerwehrwart: Holger Weigert (Tel. 0171\/4035022) stellv. Jugendfeuerwehrwart: Christian Damme (Tel. 0170\/6538867)<\/p>\n","protected":false},"author":1,"featured_media":0,"parent":0,"menu_order":4,"comment_status":"closed","ping_status":"closed","template":"","meta":{"footnotes":""},"class_list":["post-692","page","type-page","status-publish","hentry"],"_links":{"self":[{"href":"https:\/\/ffw-adorf.de\/index.php?rest_route=\/wp\/v2\/pages\/692","targetHints":{"allow":["GET"]}}],"collection":[{"href":"https:\/\/ffw-adorf.de\/index.php?rest_route=\/wp\/v2\/pages"}],"about":[{"href":"https:\/\/ffw-adorf.de\/index.php?rest_route=\/wp\/v2\/types\/page"}],"author":[{"embeddable":true,"href":"https:\/\/ffw-adorf.de\/index.php?rest_route=\/wp\/v2\/users\/1"}],"replies":[{"embeddable":true,"href":"https:\/\/ffw-adorf.de\/index.php?rest_route=%2Fwp%2Fv2%2Fcomments&post=692"}],"version-history":[{"count":7,"href":"https:\/\/ffw-adorf.de\/index.php?rest_route=\/wp\/v2\/pages\/692\/revisions"}],"predecessor-version":[{"id":1274,"href":"https:\/\/ffw-adorf.de\/index.php?rest_route=\/wp\/v2\/pages\/692\/revisions\/1274"}],"wp:attachment":[{"href":"https:\/\/ffw-adorf.de\/index.php?rest_route=%2Fwp%2Fv2%2Fmedia&parent=692"}],"curies":[{"name":"wp","href":"https:\/\/api.w.org\/{rel}","templated":true}]}}

<p><strong>Die Jugendfeuerwehr freut sich über Verstärkung &#8211; schaut doch einfach mal vorbei!</strong></p>



<p>Freitags, 17.30 Uhr am Gerätehaus (14-tägig, gerade Woche)</p>



<ul class="wp-block-list"><li>Jugendfeuerwehrwart: Holger Weigert (Tel. 0171/4035022)</li><li>stellv. Jugendfeuerwehrwart: Christian Damme (Tel. 0170/6538867)</li></ul>



<figure class="wp-block-image"><img decoding="async" src="images/Bilder_fest/2017_10_27_abschlussuebung_jfw_11.jpg" alt=""/></figure>


<ul class="wp-block-latest-posts__list has-dates alignwide wp-block-latest-posts"><li><a class="wp-block-latest-posts__post-title" href="https://ffw-adorf.de/?p=2053">Jugendfeuerwehr Adorf beim Leistungsmarsch in Eichigt erfolgreich</a><time datetime="2025-06-15T10:25:32+01:00" class="wp-block-latest-posts__post-date">15.06.2025</time><div class="wp-block-latest-posts__post-excerpt">Am 14. Juni 2025 nahm die Jugendfeuerwehr Adorf mit insgesamt vier Mannschaften am Leistungsmarsch in Eichigt teil. In zwei Altersklassen traten unsere jungen Kameradinnen und Kameraden gegen starke Konkurrenz aus der Region an. In der Altersklasse 1 (bis 13 Jahre) erreichten die beiden Adorfer Teams einen 6. und einen 5. Platz. In der Altersklasse 2 konnte sich eine Mannschaft den 5. Platz, die andere sogar den 3. Platz sichern – eine tolle Leistung, die den Ehrgeiz und das Können unserer Jugendfeuerwehr unter Beweis stellt! Der Leistungsmarsch umfasste 10 abwechslungsreiche Stationen, bei denen sowohl feuerwehrtechnisches Wissen als auch Teamarbeit und Geschicklichkeit… <a class="wp-block-latest-posts__read-more" href="https://ffw-adorf.de/?p=2053" rel="noopener noreferrer"><span class="screen-reader-text">Jugendfeuerwehr Adorf beim Leistungsmarsch in Eichigt erfolgreich </span>weiterlesen</a></div></li>
<li><a class="wp-block-latest-posts__post-title" href="https://ffw-adorf.de/?p=1893">Spannendes Zeltlager im Steinbruch Weidigt</a><time datetime="2024-07-08T14:59:33+01:00" class="wp-block-latest-posts__post-date">08.07.2024</time><div class="wp-block-latest-posts__post-excerpt">Vom Mittwoch, den 3. Juli 2024, bis Sonntag, den 7. Juli 2024, fand wieder ein Zeltlager der Jugendfeuerwehr Adorf im Steinbruch Weidigt statt. Trotz des durchwachsenen Wetters erlebten die Jugendlichen ereignisreiche Tage, die durch intensive Übungen und kameradschaftliche Aktivitäten geprägt waren. Donnerstag: Gerätekunde und Gemeinschaftsübung Der Donnerstag begann mit Gerätekunde am Rüstwagen. Die Jugendlichen lernten die verschiedenen Werkzeuge und Geräte kennen, die im Einsatzfall unverzichtbar sind. Am Nachmittag übten die Jungkameraden den Aufbau eines provisorischen Auffangbeckens mit Hilfe einer Plane und Steckleiterteilen. Abends fand eine spannende gemeinsame Übung mit den Kameraden der Ortswehren Freiberg und Leubetha statt. Diese Zusammenarbeit förderte… <a class="wp-block-latest-posts__read-more" href="https://ffw-adorf.de/?p=1893" rel="noopener noreferrer"><span class="screen-reader-text">Spannendes Zeltlager im Steinbruch Weidigt </span>weiterlesen</a></div></li>
<li><a class="wp-block-latest-posts__post-title" href="https://ffw-adorf.de/?p=1825">Adorfer Jugend überzeugt bei Leistungsmarsch</a><time datetime="2023-09-23T20:00:00+01:00" class="wp-block-latest-posts__post-date">23.09.2023</time><div class="wp-block-latest-posts__post-excerpt">Am Samstag (23.09.) fand in Taltitz der diesjährige Leistungsmarsch der Jugendfeuerwehren im Regionalbereich Oelsnitz statt. Daran nahmen zwanzig Manschaften aus neun Feuerwehren teil, davon acht Manschaften in der Altersklasse 1 bis 13 Jahre und 12 Manschaften in Altersklasse 2 bis zum vollendeten 18 Lebensjahr. An neun Stationen entlang einer ca. fünf Kilometer langen Strecke galt es, die in den Jugendfeuerwehren erworbenen Kenntnisse und Fähigkeiten unter Beweis zu stellen. Zu den Aufgaben der Jungkamerad*innen zählten dabei das Kuppeln von Druckschläuchen oder das zielsichere Auswerfen eines Leinenbeutels und das Einbinden und Hochziehen eines Strahlrohres. Ebenso stand die erste Hilfe im Fokus der… <a class="wp-block-latest-posts__read-more" href="https://ffw-adorf.de/?p=1825" rel="noopener noreferrer"><span class="screen-reader-text">Adorfer Jugend überzeugt bei Leistungsmarsch </span>weiterlesen</a></div></li>
<li><a class="wp-block-latest-posts__post-title" href="https://ffw-adorf.de/?p=1722">Jugendfeuerwehr pflegt Hydranten</a><time datetime="2023-05-29T10:44:11+01:00" class="wp-block-latest-posts__post-date">29.05.2023</time><div class="wp-block-latest-posts__post-excerpt">Zum Brandschutz im Ort gehört es selbstverständlich, dass stets genug Löschwasser zur Verfügung steht. Um dies sicherzustellen, überprüften und pflegten die Jungen und Mädchen der Adorfer Jugendfeuerwehr am 26. und 27. Mai zahlreiche Hydranten im Stadtgebiet und kamen dabei zu einem durchwachsenen Lagebild. Während im Stadtkern bei einer ordentlichen Dichte an Ober- und Unterflurhydranten meist keine oder nur geringe Mängel festgestellt wurden, waren die mitunter recht wenigen Hydranten in einigen Randgebieten der Stadt zum Teil in schlechtem Zustand. Einige Hydranten konnten bereits durch die Jugend der Adorfer Wehr wieder nutzbar gemacht werden, was im Einsatzfall wertvolle Zeit einzusparen hilft. Manche… <a class="wp-block-latest-posts__read-more" href="https://ffw-adorf.de/?p=1722" rel="noopener noreferrer"><span class="screen-reader-text">Jugendfeuerwehr pflegt Hydranten </span>weiterlesen</a></div></li>
<li><a class="wp-block-latest-posts__post-title" href="https://ffw-adorf.de/?p=1256">Wie die Profis &#8230;</a><time datetime="2022-10-23T15:28:00+01:00" class="wp-block-latest-posts__post-date">23.10.2022</time><div class="wp-block-latest-posts__post-excerpt">&#8230; der Berufsfeuerwehr wollten die Kameradinnen und Kameraden eine 24-Stunden-Schicht auf Wache und mit reichlich Einsätzen erleben. Also hat sich die Jugendleitung Gedanken gemacht und einen BF-Tag organisiert. Am Freitag (21.10.22) war es soweit. Die Kinder rückten ab 16 Uhr in das Gerätehaus ein. Ihre erste Aufgabe bestand darin, die Schlafplätze herzurichten bevor gegen 17 Uhr die Aufteilung auf die einzelnen Fahrzeuge erfolgt. Wie bei den Profis hatte nun jede(r) einen festen Platz auf ELW, HLF, MLF, Drehleiter, Rüstwagen oder dem TSF aus Gettengrün, das zusätzlich zur Verfügung stand. Auch der Rettungsdienst war dabei, so wurde durch die Adorfer Rettungswache… <a class="wp-block-latest-posts__read-more" href="https://ffw-adorf.de/?p=1256" rel="noopener noreferrer"><span class="screen-reader-text">Wie die Profis &#8230; </span>weiterlesen</a></div></li>
<li><a class="wp-block-latest-posts__post-title" href="https://ffw-adorf.de/?p=1275">Zeltlager der Jugendfeuerwehr Adorf 2022</a><time datetime="2022-08-09T16:05:00+01:00" class="wp-block-latest-posts__post-date">09.08.2022</time><div class="wp-block-latest-posts__post-excerpt">Die Angehörigen der Jugendfeuerwehr Adorf veranstalteten wieder ihr traditionelles Zeltlager im Steinbruch Weidigt. Vom 3. bis 7. August trafen sich 15 Kinder und Jugendliche, sowie 6 Betreuer zu ein paar erlebnisreichen Tagen. Im Vorfeld hatten einige fleißige Helfer schon die Schlafzelte und das Versorgungszelt aufgebaut, sodass die Zelte sofort bezogen werden konnten. Der Nachmittag stand dann im Zeichen von Sport, Spiel und Spaß. Zur offiziellen Eröffnung konnten der Bürgermeister der Stadt Adorf, Herr Rico Schmidt, der Gemeindewehrleiter, Kamerad Steffen Neudel, sowie der Ortswehrleiter von Adorf, Kamerad Mark Träger, begrüßt werden. Für die kommenden Tage war ein buntes Programm erstellt worden.… <a class="wp-block-latest-posts__read-more" href="https://ffw-adorf.de/?p=1275" rel="noopener noreferrer"><span class="screen-reader-text">Zeltlager der Jugendfeuerwehr Adorf 2022 </span>weiterlesen</a></div></li>
<li><a class="wp-block-latest-posts__post-title" href="https://ffw-adorf.de/?p=526">Abschlussübung 2020</a><time datetime="2020-11-10T15:44:45+01:00" class="wp-block-latest-posts__post-date">10.11.2020</time><div class="wp-block-latest-posts__post-excerpt">Um 17:43 uhr wurde die Jugendfeuerwehr Adorf/Vogtl zu einem Großbrand nach Arnsgrün alarmiert, umgehend besetzten die Jungkameraden die Löschfahrzeuge und fuhren zu der gemeldeten Adresse. Nach der ersten Lageerkundung bestimmte der Einsatzleiter den Aufstellbereich der Rettungsfahrzeuge und umgehend wurde eine Löschwasserversorgung durch das TSF aufgebaut.</div></li>
<li><a class="wp-block-latest-posts__post-title" href="https://ffw-adorf.de/?p=174">01.09.2018 Nach­wuchs marschiert auf Rang 2</a><time datetime="2018-09-01T12:22:49+01:00" class="wp-block-latest-posts__post-date">01.09.2018</time><div class="wp-block-latest-posts__post-excerpt">Alle zwei Jahre findet auf regionaler Ebene der Leistungsmarsch der Jugendfeuerwehren statt. In diesem Jahr traf sich der Feuerwehrnachwuchs in Tirpersdorf zu diesem freundschaftlichen Kräftemessen. Unsere Jugendwehr stellte hierbei zwei Mannschaften in der Altersklasse von 13 bis 18 Jahren. Auf einer Strecke von ca. 7 km galt es, verschiedene Herausforderungen wie &#8222;Erste Hilfe&#8220;, &#8222;Standrohr setzen&#8220; oder &#8222;Saugschläuche kuppeln&#8220; zu meistern. Auch ein Wissenstest gehörte zu den Anforderungen an unsere jungen Kameraden.</div></li>
<li><a class="wp-block-latest-posts__post-title" href="https://ffw-adorf.de/?p=40">Abschlussübung 2017</a><time datetime="2017-10-27T00:00:00+01:00" class="wp-block-latest-posts__post-date">27.10.2017</time><div class="wp-block-latest-posts__post-excerpt">Am Freitag, den 27.10.2017 ertönte plötzlich die Sirene während eines Schulungsdienstes der Jugendfeuerwehr Adorf. Mit dem Stichwort &#8222;Brand groß&#8220; vermutlich vermisste Personen, ging es mit dem ELW, dem HLF 20/16, dem TLK 23/12 und dem TSF der Ortswehr Leubetha zur &#8222;Naue Fasertechnik&#8220; in Adorf. Am Einsatzort bestätigte sich die Meldung. Zwei Trupps rüsteten sich mit schweren Atemschutzgeräten aus und gingen zur Menschenrettung ins Gebäude vor. Währenddessen baute die Besatzung des TSF von Leubetha eine Wasserversorgung aus der naheliegenden &#8222;Weißen Elster&#8220; auf.</div></li>
<li><a class="wp-block-latest-posts__post-title" href="https://ffw-adorf.de/?p=39">25 Jahre Jugendfeuerwehr Adorf/Erzgebirge</a><time datetime="2017-06-11T00:00:00+01:00" class="wp-block-latest-posts__post-date">11.06.2017</time><div class="wp-block-latest-posts__post-excerpt">Vom 10. bis 11.06.2017 wurden wir zum 25jährigen Jubiläum der Jugendfeuerwehr Adorf/Erz. eingeladen. Mit 12 Jugendlichen und 3 Jugendwarten traten wir am 10.06. die Reise an. Am Ziel begrüßten uns die Kameraden der Feuerwehr Adorf/Erz. recht herzlich.</div></li>
</ul>

<p>Die Jugendfeuerwehr freut sich über Verstärkung &#8211; schaut doch einfach mal vorbei! Freitags, 17.30 Uhr am Gerätehaus (14-tägig, gerade Woche) Jugendfeuerwehrwart: Holger Weigert (Tel. 0171/4035022) stellv. Jugendfeuerwehrwart: Christian Damme (Tel. 0170/6538867)</p>
